ided by 15.
14
Calculate the remainder when 43 is divided by 26.
17
What is the remainder when 250 is divided by 14?
12
Calculate the remainder when 251 is divided by 58.
19
What is the remainder when 137 is divided by 114?
23
Calculate the remainder when 122 is divided by 67.
55
Calculate the remainder when 1471 is divided by 382.
325
What is the remainder when 846 is divided by 280?
6
What is the remainder when 702 is divided by 8?
6
What is the remainder when 285 is divided by 48?
45
What is the remainder when 686 is divided by 23?
19
Calculate the remainder when 1910 is divided by 87.
83
Calculate the remainder when 169 is divided by 19.
17
Calculate the remainder when 186 is divided by 99.
87
Calculate the remainder when 72 is divided by 3.
0
What is the remainder when 369 is divided by 12?
9
Calculate the remainder when 494 is divided by 18.
8
What is the remainder when 351 is divided by 350?
1
What is the remainder when 173 is divided by 12?
5
What is the remainder when 128 is divided by 117?
11
Calculate the remainder when 2130 is divided by 101.
9
Calculate the remainder when 311 is divided by 52.
51
Calculate the remainder when 49 is divided by 38.
11
Calculate the remainder when 319 is divided by 32.
31
Calculate the remainder when 1203 is divided by 18.
15
Calculate the remainder when 103 is divided by 22.
15
Calculate the remainder when 3272 is divided by 1073.
53
What is the remainder when 664 is divided by 26?
14
Calculate the remainder when 3994 is divided by 443.
7
What is the remainder when 327 is divided by 129?
69
What is the remainder when 388 is divided by 49?
45
Calculate the remainder when 717 is divided by 364.
353
Calculate the remainder when 690 is divided by 260.
170
What is the remainder when 105 is divided by 53?
52
What is the remainder when 109 is divided by 20?
9
What is the remainder when 325 is divided by 10?
5
Calculate the remainder when 1059 is divided by 106.
105
Calculate the remainder when 151 is divided by 73.
5
What is the remainder when 43 is divided by 16?
11
Calculate the remainder when 15 is divided by 14.
1
What is the remainder when 479 is divided by 31?
14
Calculate the remainder when 476 is divided by 461.
15
What is the remainder when 45 is divided by 31?
14
Calculate the remainder when 40 is divided by 24.
16
What is the remainder when 53 is divided by 22?
9
What is the remainder when 6993 is divided by 159?
156
What is the remainder when 629 is divided by 127?
121
What is the remainder when 146 is divided by 29?
1
Calculate the remainder when 101 is divided by 43.
15
Calculate the remainder when 1389 is divided by 82.
77
Calculate the remainder when 5293 is divided by 1321.
9
What is the remainder when 2363 is divided by 24?
11
Calculate the remainder when 141 is divided by 26.
11
Calculate the remainder when 65 is divided by 36.
29
Calculate the remainder when 2463 is divided by 137.
134
Calculate the remainder when 845 is divided by 200.
45
Calculate the remainder when 85 is divided by 37.
11
Calculate the remainder when 475 is divided by 81.
70
What is the remainder when 479 is divided by 69?
65
Calculate the remainder when 153 is divided by 14.
13
Calculate the remainder when 434 is divided by 29.
28
Calculate the remainder when 92 is divided by 37.
18
Calculate the remainder when 112 is divided by 17.
10
What is the remainder when 3603 is divided by 35?
33
Calculate the remainder when 125 is divided by 18.
17
Calculate the remainder when 456 is divided by 93.
84
Calculate the remainder when 344 is divided by 87.
83
What is the remainder when 515 is divided by 17?
5
What is the remainder when 11 is divided by 3?
2
What is the remainder when 858 is divided by 96?
90
What is the remainder when 880 is divided by 39?
22
What is the remainder when 161 is divided by 35?
21
What is the remainder when 117 is divided by 40?
37
Calculate the remainder when 494 is divided by 43.
21
What is the remainder when 1328 is divided by 120?
8
Calculate the remainder when 82 is divided by 21.
19
Calculate the remainder when 20 is divided by 6.
2
What is the remainder when 41 is divided by 30?
11
Calculate the remainder when 341 is divided by 188.
153
Calculate the remainder when 785 is divided by 178.
73
What is the remainder when 891 is divided by 73?
15
What is the remainder when 129 is divided by 72?
57
What is the remainder when 796 is divided by 127?
34
What is the remainder when 38527 is divided by 27?
25
What is the remainder when 135 is divided by 25?
10
What is the remainder when 1332 is divided by 3?
0
Calculate the remainder when 467 is divided by 156.
155
Calculate the remainder when 350 is divided by 72.
62
What is the remainder when 61 is divided by 41?
20
Calculate the remainder when 70 is divided by 28.
14
What is the remainder when 25 is divided by 6?
1
Calculate the remainder when 1314 is divided by 132.
126
What is the remainder when 180 is divided by 84?
12
Calculate the remainder when 1558 is divided by 33.
7
Calculate the remainder when 6098 is divided by 762.
2
Calculate the remainder when 56 is divided by 9.
2
Calculate the remainder when 758 is divided by 19.
17
What is the remainder when 4736 is divided by 11?
6
Calculate the remainder when 286 is divided by 10.
6
Calculate the remainder when 63 is divided by 44.
19
What is the remainder when 101 is divided by 34?
33
Calculate the remainder when 734 is divided by 68.
54
Calculate the remainder when 2413 is divided by 36.
1
What is the remainder when 356 is divided by 115?
11
Calculate the remainder when 220 is divided by 34.
16
What is the remainder when 278 is divided by 14?
12
Calculate the remainder when 388 is divided by 355.
33
Calculate the remainder when 55 is divided by 5.
0
What is the remainder when 152 is divided by 47?
11
Calculate the remainder when 229 is divided by 21.
19
Calculate the remainder when 246 is divided by 102.
42
What is the remainder when 111 is divided by 59?
52
Calculate the remainder when 384 is divided by 78.
72
What is the remainder when 774 is divided by 26?
20
Calculate the remainder when 184 is divided by 27.
22
What is the remainder when 219 is divided by 109?
1
Calculate the remainder when 8211 is divided by 74.
71
What is the remainder when 1310 is divided by 32?
30
Calculate the remainder when 506 is divided by 128.
122
Calculate the remainder when 100 is divided by 13.
9
What is the remainder when 5090 is divided by 5?
0
What is the remainder when 294 is divided by 102?
90
What is the remainder when 182 is divided by 23?
21
Calculate the remainder when 736 is divided by 50.
36
Calculate the remainder when 397 is divided by 31.
25
What is the remainder when 352 is divided by 124?
104
What is the remainder when 174 is divided by 32?
14
Calculate the remainder when 625 is divided by 158.
151
What is the remainder when 383 is divided by 91?
19
What is the remainder when 239 is divided by 22?
19
What is the remainder when 419 is divided by 88?
67
Calculate the remainder when 781 is divided by 46.
45
What is the remainder when 737 is divided by 345?
47
Calculate the remainder when 111 is divided by 39.
33
Calculate the remainder when 205 is divided by 21.
16
Calculate the remainder when 267 is divided by 15.
12
What is the remainder when 118 is divided by 11?
8
What is the remainder when 251 is divided by 11?
9
What is the remainder when 118 is divided by 8?
6
Calculate the remainder when 264 is divided by 245.
19
What is the remainder when 109 is divided by 8?
5
What is the remainder when 42 is divided by 25?
17
Calculate the remainder when 262 is divided by 12.
10
What is the remainder when 170 is divided by 30?
20
What is the remainder when 30 is divided by 12?
6
Calculate the remainder when 2311 is divided by 1148.
15
What is the remainder when 1419 is divided by 142?
141
What is the remainder when 245 is divided by 125?
120
Calculate the remainder when 1712 is divided by 425.
12
Calculate the remainder when 49 is divided by 13.
10
Calculate the remainder when 40 is divided by 21.
19
Calculate the remainder when 14 is divided by 3.
2
What is the remainder when 823 is divided by 161?
18
Calculate the remainder when 25074 is divided by 39.
36
Calculate the remainder when 394 is divided by 